d j.
3
Let x(t) = 0*t - 3*t + 142 + 5*t**2 - 141. Let z be x(2). Suppose 4*v = -0*h - h + 14, 4*h = 2*v + 38. What is the highest common factor of z and h?
5
Suppose 3*l - 4*j - 2 = 0, 3*j - 7 + 4 = 3*l. Let d(b) = -28*b - 7. Let f be d(l). Suppose 1798 = 118*k - 916. What is the highest common divisor of k and f?
23
Let i = -3265 - -5305. What is the greatest common factor of 68 and i?
68
Let h be 182 + -187 + (2214 - (-1)/(-1)). Calculate the highest common factor of 69 and h.
69
Let l = 30 - 14. Suppose 4*k - l = -0*k. Suppose 5*n + 0*n = -4*y + 176, -3*n = -k*y + 176. Calculate the greatest common factor of 11 and y.
11
Suppose 2*p + 9 = 1. Let x be ((-9)/(-2))/(3/p). Let b be (x - -3) + (11 - 2). Calculate the greatest common divisor of b and 15.
3
Suppose j + 5*b + 7 = 2, b = 5*j - 105. Calculate the highest common divisor of j and 220.
20
Let r be 1/(2 - 4 - -1). Let o be 1 - (-241)/(r - -2). What is the highest common divisor of o and 22?
22
Suppose -3*l = -4*o - 16, -4*l + 2*o = -o - 12. Suppose -8*f + 16*f - 296 = l. What is the highest common factor of 296 and f?
37
Let q = 2584 + -2449. Let u(n) = 55*n**2 + n. Let i be u(-1). Calculate the greatest common factor of q and i.
27
Suppose 0 = 5*i + 5*j - 6*j - 4480, -5*i + 5*j = -4460. Calculate the highest common divisor of 39 and i.
39
Suppose 172*j + 144 = 190*j. Calculate the greatest common divisor of j and 472.
8
Suppose -5*i - x = 2, -x = -6*x - 10. Suppose i = -2*v + 5*w + 20, -50 = -5*v + 2*w - 6*w. Calculate the greatest common divisor of 40 and v.
10
Suppose 0*h - h - d + 14 = 0, -2*h + 43 = 5*d. Let a be ((-4)/(-6)*h)/(15/70). What is the highest common divisor of a and 70?
14
Let t(a) = -5*a**3 + a**2 - 4*a - 12. Let w be t(-2). Calculate the greatest common factor of 5 and w.
5
Let l = 900 + -808. What is the highest common divisor of l and 299?
23
Let w be (9/(-3) - -153)*1. Suppose -22*j + 23*j = 90. Let p = j + -60. What is the greatest common factor of p and w?
30
Let z = 36 - 31. Suppose v - z*v + 4*w + 212 = 0, -50 = -v + 2*w. Calculate the greatest common factor of v and 7.
7
Let d(m) = 27*m**2 - 5*m - 12. Let i be d(-4). What is the greatest common factor of i and 20?
20
Let s(z) = -z**3 + z**2 - 1. Let d be s(0). Let a = d + 9. Suppose -133*w = -142*w + 216. What is the greatest common divisor of a and w?
8
Suppose -15*x = -15726 - 16719. Calculate the greatest common factor of 103 and x.
103
Let j be 33/(-33)*5*1. Let q be 103/1 - (j + 10). What is the highest common factor of 7 and q?
7
Let g = 10 - -16. What is the highest common factor of g and 91?
13
Let y(m) = -11*m + 39. Let l(v) = 12*v - 40. Let u(f) = -3*l(f) - 4*y(f). Let w be u(6). Calculate the greatest common divisor of 12 and w.
12
Let l = -218 + 272. What is the highest common divisor of 9 and l?
9
Suppose 90*h - 83*h = 399. Calculate the greatest common divisor of h and 95.
19
Suppose 0 = -5*a + 4 - 54. Let w be (32/a)/((-1)/25). Calculate the highest common factor of 32 and w.
16
Suppose 0*n + 30 = n. Let h(o) = o**3 - 6*o**2 + 9*o + 2. Let q be h(4). Calculate the greatest common divisor of q and n.
6
Suppose 18 = -5*y - 12. Let t = y - -24. Calculate the highest common factor of t and 2.
2
Let k(l) = -6*l + 72. Let g be k(0). Calculate the greatest common factor of 16 and g.
8
Let h be (2 - 4)/((-16)/88). Calculate the highest common factor of 110 and h.
11
Let m be (0 + 1)/((-1)/(-24)). Let r be 5*m/20 - 1. Suppose -o + z - 55 = -r*o, 5*z - 51 = -4*o. Calculate the greatest common divisor of 98 and o.
14
Let f = 98 - 64. Let w = -3341 + 3392. Calculate the greatest common factor of w and f.
17
Let n be 1/(-16)*-2 - 1749/(-88). Suppose n = p + p. What is the highest common factor of p and 80?
10
Let h(g) = -11*g - 4. Let t be h(-2). Suppose -4*j = -j - 588. Suppose m - 2*y = 3*y + 16, -5*m - 4*y = -j. What is the highest common divisor of t and m?
18
Let w be ((-20)/((-25)/5))/((-4)/(-98)). Suppose 4*u = -3*u + w. What is the greatest common factor of 7 and u?
7
Let d be (2 + 15/(-9))*6. Suppose 177 = 6*x + 69. What is the highest common divisor of d and x?
2
Suppose 4*g = -3*h + 4 - 0, -h = 4. Suppose -j + 27 = -g*q, 0*q + 15 = -5*q. Let i = 153 + -93. What is the highest common factor of j and i?
15
Suppose c - 6 = -3. Let z be -1*2 + 51/c. Suppose -3*f + 49 = 4*p, -6*f = -f - 15. Calculate the highest common factor of p and z.
5
Let q be 1 + (-8)/(-12)*3. Suppose q*t - j - 46 = 0, 5*t - 55 = -2*j + 29. What is the greatest common factor of 4 and t?
4
Let v be (0 - 5 - (-74 + -6))/3. Calculate the highest common factor of 75 and v.
25
Suppose 6*l - l = 55. Suppose -2*y - 4*g = -22, 0*g - 55 = -5*y + 3*g. What is the greatest common divisor of y and l?
11
Suppose -12*t - 520 = -22*t. Suppose 6*j - 130 = 4*j. Let k be (4/(-5))/((-2)/j). Calculate the highest common divisor of t and k.
26
Suppose 2*p - 2256 = -3*h + 1454, -2*h - 3*p + 2475 = 0. What is the highest common factor of 12 and h?
12
Let x be 2/(-4) + (-35)/(-10). Suppose -x*c = 2*z - 200, 4*z - 2*c = 2*c + 400. Let j = z - 58. Calculate the greatest common divisor of 7 and j.
7
Let w be (7 + (1 - 3))*23. Let z = -81 + 86. What is the greatest common factor of w and z?
5
Suppose 18 = -20*v + 21*v. Suppose 4*t - 2 = 5*n, 3*n - 3*t + 7*t - v = 0. What is the highest common divisor of n and 1?
1
Suppose -23*j + 3 = -20*j. Let y be ((-3 - j) + 3)*-3. Suppose 0 = 5*v + 2*h - 624, 3*v - 4*h + y = 393. What is the greatest common divisor of v and 14?
14
Let i = 28 - 17. Suppose -j - 16 = -0*j - 5*u, 2*j = -4*u + 24. Let n be ((-16)/32)/((-2)/j). What is the greatest common divisor of n and i?
1
Suppose -4*f + g = -3*f - 31, -5*f = -2*g - 143. What is the greatest common factor of f and 1809?
27
Suppose 4*n - 2*k - 590 = -4*k, -5*k - 730 = -5*n. What is the greatest common factor of n and 343?
49
Suppose 2*s - 28 = -i, -28 = -2*s - 6*i + 8*i. What is the highest common divisor of 413 and s?
7
Let y be (-24)/(-2) - (-5)/5. Suppose 36 = -y*g + 17*g. Calculate the highest common divisor of g and 99.
9
Let t(h) be the third derivative of h**5/20 + h**4/3 + 2*h**3/3 - 9*h**2. Let d be t(-7). Calculate the greatest common divisor of d and 19.
19
Let w(b) = 2*b**2 - 15*b + 3. Let n be w(10). Suppose 9*d = 2899 - 514. What is the greatest common divisor of d and n?
53
Let n = 1367 + -416. Suppose 6*d - 51 = -n. Let v = 220 + d. Calculate the highest common factor of 14 and v.
14
Let a(m) = 2*m**2 + m - 21. Let w be a(-6). What is the highest common divisor of w and 5?
5
Let q(x) = -4*x - 18. Let u be q(-10). Let t be 5/2 - 1/2. Calculate the greatest common factor of t and u.
2
Let i = -924 - -1009. Calculate the highest common factor of i and 30.
5
Let t = 29 + -30. Let v be ((-4 - -4)/2)/t. Suppose v*z = 8*z - 96. What is the greatest common factor of z and 96?
12
Let q = -12 + 26. Let s = q + 4. Let o be (-1 + 19)*6/4. Calculate the greatest common factor of s and o.
9
Suppose 0 = -4*d - 5 + 29. Let n be (10/4)/((-10)/(-20)). Suppose 0 = 2*c - 4*a - 21 - 13, -5*a + 25 = n*c. Calculate the greatest common divisor of c and d.
3
Let p = 61 + 9. Calculate the highest common factor of 20 and p.
10
Let l be 2 - -6*(-11)/(-2). Suppose j - l = 37. Calculate the highest common divisor of j and 9.
9
Suppose j - 3*g = -5, -5*g - 11 = j + 2. Let s(w) = 2*w**2 + 4*w - 5. Let n be s(j). Calculate the highest common factor of 7 and n.
7
Suppose 2*c - 323 = -99. What is the greatest common divisor of 42 and c?
14
Let a = 177 + -167. Calculate the greatest common divisor of a and 260.
10
Let y be 3/(6/(-3 - -2))*-116. Calculate the greatest common divisor of 29 and y.
29
Suppose 18*r - 1527 = 3225. Calculate the highest common divisor of r and 66.
66
Suppose -2*t = -2*u - 2, -3*t = t + u - 14. Let s be 4/(6/(-36)*4) - (-24 - -9). What is the greatest common divisor of t and s?
3
Let n(u) = 3*u**2 - 4*u - 4. Let o be 54/(-21) + (-20)/(-35). Let a be n(o). What is the greatest common factor of a and 16?
16
Let p = -14 - -19. Let i(r) = 6*r**2 - 8*r + 10. Let h be i(p). What is the greatest common divisor of 15 and h?
15
Suppose 0 = -5*p - 4 + 29. Suppose -p*x - 3*z + 95 + 51 = 0, 0 = -5*x + z + 138. What is the greatest common factor of x and 252?
28
Let w(i) = 